 12
10b16
Convert -c (base 14) to base 3.
-110
Convert 4646 (base 8) to base 6.
15234
What is -2744 (base 12) in base 2?
-1000110100100
What is 10221320 (base 4) in base 15?
59ae
What is -201102 (base 3) in base 4?
-20030
Convert -99 (base 10) to base 13.
-78
What is 10000000011001 (base 2) in base 5?
230332
What is 11110111 (base 2) in base 11?
205
What is -11210 (base 4) in base 16?
-164
-26b (base 15) to base 3
-202102
-600 (base 9) to base 12
-346
-1607 (base 9) to base 3
-1200021
2a7 (base 13) to base 9
577
What is -1222021020 (base 3) in base 15?
-b78c
Convert 11110110001 (base 2) to base 5.
30334
What is 153 (base 7) in base 12?
73
What is 6504 (base 11) in base 12?
4b83
2121121002 (base 3) to base 15
103ae
What is 1332230 (base 4) in base 14?
2d52
What is -1057 (base 8) in base 14?
-2bd
Convert -1032112 (base 4) to base 7.
-20422
What is -4211 (base 6) in base 12?
-667
Convert -1981 (base 16) to base 8.
-14601
-17a9 (base 15) to base 13
-2430
91b0 (base 15) to base 8
74055
What is -277 (base 10) in base 6?
-1141
What is 443 (base 12) in base 4?
21303
Convert -11210 (base 5) to base 14.
-417
What is 708 (base 16) in base 11?
1397
-110001101010 (base 2) to base 9
-4321
11023 (base 4) to base 6
1311
What is 111001101000 (base 2) in base 11?
2853
120001021 (base 3) to base 4
2223121
What is 314 (base 9) in base 5?
2011
Convert -1101000 (base 2) to base 15.
-6e
Convert -43324 (base 5) to base 2.
-101110010100
12360 (base 8) to base 3
21100112
-a057 (base 13) to base 3
-1010020101
What is -2212 (base 3) in base 11?
-70
-9df (base 16) to base 8
-4737
Convert -111110111001 (base 2) to base 16.
-fb9
What is 53334 (base 6) in base 16?
1c5a
Convert -360 (base 7) to base 12.
-139
What is 2145 (base 7) in base 8?
1400
Convert 21546 (base 10) to base 3.
1002120000
What is -224422 (base 5) in base 14?
-2d56
Convert 3b8 (base 16) to base 13.
583
Convert 620 (base 10) to base 12.
438
What is -110101101 (base 2) in base 3?
-120220
Convert 520 (base 6) to base 9.
233
Convert 3321 (base 12) to base 13.
274c
-37356 (base 8) to base 7
-64653
Convert 1b961 (base 14) to base 10.
70449
Convert 411f (base 16) to base 9.
24773
What is 760 (base 8) in base 3?
200101
-1bc38 (base 14) to base 8
-212532
-235a1 (base 11) to base 3
-1201121221
Convert -10110110000001010 (base 2) to base 4.
-112300022
What is 2a3 (base 12) in base 6?
1523
What is -4477 (base 8) in base 3?
-10020200
Convert 513 (base 11) to base 6.
2511
What is -120 (base 3) in base 16?
-f
-67ab (base 15) to base 7
-121046
Convert 754 (base 16) to base 12.
1104
Convert -7753 (base 8) to base 14.
-16b1
Convert -46b (base 12) to base 15.
-2de
176036 (base 8) to base 12
31426
Convert -34144 (base 6) to base 9.
-6541
Convert -531 (base 9) to base 6.
-2001
Convert -2444 (base 6) to base 3.
-211101
-1a4 (base 11) to base 12
-177
What is -3b39 (base 14) in base 15?
-315e
What is -3818 (base 10) in base 16?
-eea
312 (base 5) to base 3
10001
-6894 (base 12) to base 3
-120221211
-30a9 (base 11) to base 2
-1000000010000
Convert -5574 (base 10) to base 4.
-1113012
Convert -725 (base 11) to base 2.
-1101101010
What is 2350 (base 7) in base 6?
4004
What is 322415 (base 7) in base 14?
16645
10111101000001 (base 2) to base 6
132001
What is -280 (base 16) in base 2?
-1010000000
What is -110101010 (base 2) in base 12?
-2b6
What is c519 (base 14) in base 2?
1000010010001011
What is 17739 (base 11) in base 14?
90ab
What is 1662a (base 11) in base 12?
11649
What is -5dd (base 16) in base 15?
-6a1
What is 454 (base 13) in base 10?
745
What is 10511 (base 6) in base 15?
68d
Convert 11123 (base 5) to base 7.
2204
What is 37a0 (base 14) in base 3?
111100220
Convert 24d8 (base 16) to base 5.
300212
-11010011 (base 2) to base 3
-21211
What is -67 (base 9) in base 2?
-111101
Convert 16285 (base 10) to base 2.
11111110011101
Convert 1001100111001 (base 2) to base 14.
1b17
1212201 (base 3) to base 9
1781
What is -25167 (base 8) in base 13?
-4c43
Convert 1022011110 (base 3) to base 4.
12100203
What is -197 (base 11) in base 3?
-22102
What is 20312201 (base 4) in base 2?
1000110110100001
14251 (base 8) to base 14
242d
Convert -31b9 (base 13) to base 4.
-1230000
Convert 101001010111 (base 2) to base 14.
d71
What is 132244 (base 5) in base 16?
14cc
Convert -140030 (base 7) to base 16.
-6740
What is -1502 (base 7) in base 4?
-21032
-773 (base 10) to base 13
-476
Convert 1605 (base 11) to base 2.
100000001110
What is aebb (base 15) in base 14?
d724
Convert 313436 (base 7) to base 3.
2202011202
115 (base 8) to base 11
70
What is -323 (base 10) in base 12?
-22b
What is 17 (base 10) in base 11?
16
Convert a3 (base 12) to base 14.
8b
-20022 (base 3) to base 14
-c2
46 (base 13) to base 9
64
What is -10c9 (base 16) in base 5?
-114142
Convert 256400 (base 7) to base 9.
72602
What is 59c (base 16) in base 3?
1222012
Convert 10120 (base 5) to base 10.
660
What is -4838 (base 12) in base 8?
-17654
What is 617 (base 8) in base 4?
12033
What is 20300 (base 5) in base 3?
1211002
-132311 (base 4) to base 2
-11110110101
What is 2089 (base 12) in base 4?
313221
What is -141200 (base 5) in base 7?
-22624
-3213 (base 7) to base 16
-471
Convert -12843 (base 9) to base 4.
-2020002
Convert -1a0 (base 15) to base 2.
-101110111
Convert -1420441 (base 5) to base 16.
-7338
What is 12424 (base 6) in base 3?
2120221
Convert -1010011110010 (base 2) to base 11.
-4035
-27f9 (base 16) to base 2
-10011111111001
Convert 5463 (base 7) to base 10.
1956
What is -455 (base 8) in base 14?
-177
Convert 12075 (base 9) to base 3.
102002112
Convert cb (base 16) to base 13.
128
What is 567 (base 16) in base 2?
10101100111
1133 (base 5) to base 10
168
Convert -344 (base 5) to base 8.
-143
1000010010 (base 2) to base 4
20102
Convert 45888 (base 10) to base 12.
22680
What is 33 (base 14) in base 11?
41
What is -11023002 (base 4) in base 10?
-21186
Convert -1127 (base 11) to base 12.
-a35
What is 292 (base 16) in base 2?
1010010010
210b (base 16) to base 12
4a8b
What is 1011011000 (base 2) in base 9?
888
What is 332200 (base 4) in base 14?
165a
-3616 (base 7) to base 3
-1211111
21330320 (base 4) to base 16
9f38
Convert 123133 (base 4) to base 15.
7c4
Convert 208 (base 10) to base 13.
130
-4746 (base 10) to base 3
-20111210
-1018 (base 10) to base 13
-604
What is -114152 (base 6) in base 7?
-41111
Convert -95 (base 15) to base 5.
-1030
Convert 40035 (base 6) to base 9.
7125
What is 462 (base 11) in base 10?
552
11110111 (base 2) to base 3
100011
Convert 514335 (base 6) to base 4.
22003103
26c (base 16) to base 5
4440
Convert -30113102 (base 4) to base 15.
-10012
3ca (base 15) to base 13
517
What is -2105 (base 13) in base 4?
-1013120
-31514 (base 6) to base 9
-5801
Convert 9256 (base 13) to base 9.
30614
12300 (base 5) to base 15
435
Convert 1011110000 (base 2) to base 5.
11002
Convert 331112 (base 4) to base 3.
12101102
Convert 132 (base 13) to base 8.
322
What is -3085 (base 16) in base 14?
-4753
Convert -29312 (base 11) to base 14.
-11261
What is 704 (base 9) in base 15?
281
What is -11101000001011 (base 2) in base 14?
-55b5
What is 1000110100111 (base 2) in base 16?
11a7
Convert 1011001 (base 3) to base 16.
346
Convert -21b28 (base 13) to base 2.
-1110111100011100
Convert -13202 (base 6) to base 14.
-a42
What is 244b (base 12) in base 16?
ffb
Convert -764 (base 10) to base 7.
-2141
What is -2231 (base 10) in base 16?
-8b7
What is 11210 (base 3) in base 8?
201
What is 1a4 (base 15) in base 14?
1d1
What is a85 (base 12) in base 8?
3005
15351 (base 6) to base 5
40030
What is 5417 (base 8) in base 7?
11153
What is 20210121 (base 3) in base 5?
124312
Convert -19 (base 10) to base 12.
-17
Convert -5353 (base 6) to base 3.
-1200020
What is 1377 (base 8) in base 14?
3cb
205125 (base 6) to base 2
100000100101101
7177 (base 8) to base 5
104321
What is -101583 (base 9) in base 14?
-17d62
What is -112011 (base 4) in base 5?
-21123
What is 181 (base 11) in base 12?
156
What is 1130 (base 7) in base 2?
110011101
-b06 (base 12) to base 5
-22330
Convert 113212 (base 5) to base 6.
31210
4339 (base 14) to base 12
687b
251 (base 8) to base 5
1134
Convert -9a (base 11) to base 6.
-301
What is 101063 (base 8) in base 11?
23051
Convert 2122 (base 5) to base 3.
101122
Convert 7022 (base 12) to base 